3*o = -1129*o - 4816. Let f(k) = -k**2 - 4*k + 7. Let v be f(-5). Calculate the highest common factor of v and o.
2
Let g(j) = j**3 - j + 110. Let y be (-38)/133 + (-2)/(-7). Suppose 5*h + 4*h = y. Let m be g(h). Calculate the greatest common divisor of 10 and m.
10
Suppose 100*c - 95205 = -15*c + 1050. Calculate the highest common factor of 1 and c.
1
Let v = 15470 + -4846. What is the greatest common factor of v and 166?
166
Suppose -22*c + 1700 = 46*c. Calculate the highest common divisor of c and 220.
5
Let m be (-1)/(1124/(-376) + 3). Let f = -91 - m. Suppose -f*v = -4*y - 156, y - 104 = -2*v - 2*y. What is the greatest common factor of 416 and v?
52
Let j(d) = -40*d - 436. Let q be j(-11). Calculate the greatest common factor of q and 2492.
4
Let i be 1/(-1) - 3/((-12)/172). Suppose 28 = 2*n - i. Suppose 0 = -2*t + n + 21. What is the greatest common factor of 70 and t?
14
Let q = -440 - -442. Suppose -n = -4*d + 175, 2*n + 84 + 2 = q*d. Calculate the greatest common divisor of d and 220.
44
Let n be 336/(-13) - 2/13. Let s = n + 38. Suppose -63*u - 14*u = -23*u - 648. Calculate the highest common factor of s and u.
12
Let i be (16 + 1)/((-4)/(-20)). Suppose y + 14 = -2*s + 5*y, -3*s = 3*y - 33. What is the highest common factor of i and s?
5
Let r(x) = -16*x + 55. Let o be r(-22). What is the greatest common factor of 74 and o?
37
Let q = 153 + 198. Suppose -4*b - 18 + q = -3*n, -2*b + 177 = -5*n. Calculate the greatest common divisor of 27 and b.
27
Suppose 0 = -14*l - 8*l + 6578. Suppose 5*x - 220 = 10. Calculate the highest common factor of l and x.
23
Let x(a) = 5*a - a**3 - 57 + 2*a**3 + 3*a + 26*a**2 + 12*a. Let z be x(-25). What is the greatest common divisor of 12 and z?
4
Let p(d) = -d**3 + 11*d**2 + 2*d + 8. Let x(z) = -z**2 - 1. Let a(t) = p(t) + 2*x(t). Let h be a(5). Calculate the greatest common divisor of 290 and h.
58
Let a be ((-60)/(-12) - 15)*-26. What is the greatest common divisor of 110 and a?
10
Suppose -1397 + 317 = -5*a. Suppose -3*t + 8*t - h = 125, 2*t - 38 = -2*h. Calculate the highest common factor of a and t.
24
Let h be (-11 - -8) + (2*65)/2. Suppose -2*g + 3*g = 4*o - h, 4*o + g = 58. What is the highest common divisor of o and 12?
3
Let s = -48 + 209. Let a be 1*25 + 85 + (10 - 99). What is the highest common divisor of s and a?
7
Suppose -11*y + 9*y = 2*t - 464, -5*y = 4*t - 1160. Calculate the highest common factor of 11252 and y.
116
Let u(w) = -10*w - 7. Let x(t) = 9*t + 7. Let n(i) = -5*u(i) - 6*x(i). Let s = 528 - 534. Let k be n(s). Calculate the highest common factor of k and 119.
17
Suppose 3*n + 12*d - 7*d - 391 = 0, 1 = -d. Let c be (2 - 195/(-6))*n/18. What is the highest common divisor of 11 and c?
11
Suppose 2*k = 4*k - 14. Let c(t) = t**2 + 18*t + 41. Let p be c(-16). Suppose -14*o = -p*o - 280. What is the highest common divisor of k and o?
7
Suppose 4*g = -35 + 31. Let y be 3 + g*(-11 + 4). What is the greatest common divisor of y and 155?
5
Let g = -85 + 46. Let n = g + 41. Suppose -3*q = y - 14, 5*y + 27 + 5 = n*q. What is the highest common factor of q and 6?
6
Suppose -5*o + 14 = -51. Suppose 2*z - z = -5, -2*k + 27 = -5*z. Calculate the highest common factor of k and o.
1
Suppose -2*i = -3*l + 640, -l - i - 12 = -217. Calculate the highest common factor of 2982 and l.
42
Let q = 4129 + -3315. Calculate the greatest common factor of q and 66.
22
Suppose 3*y = 35 - 20. Suppose -4*a - 1477 = -y*v, v - 360 = a - 65. What is the highest common divisor of v and 81?
27
Let u(a) = 3*a**3 + 225*a**2 + 218*a - 241. Let q be u(-74). Calculate the highest common divisor of 745 and q.
5
Let p = -18578 - -18698. What is the greatest common factor of 48 and p?
24
Let g = 70829 + -70654. Let u be -2 - (-5)/((-15)/(-48)). What is the greatest common divisor of g and u?
7
Let t(y) = y**2 + 5. Suppose 0 = -z - 3*c + 8, -3*z - 5*c = 12 - 16. Let k be t(z). Calculate the greatest common factor of 108 and k.
54
Let u = 285 + -73. Let a = -88 + u. Suppose -r + 2 = 0, -5*d + r = 3*r - a. Calculate the greatest common divisor of d and 120.
24
Let c(s) be the first derivative of -s**4/2 - 11*s**3/3 + 3*s**2/2 - 2*s + 28. Let n be c(-5). Let k = 69 + n. What is the greatest common factor of 189 and k?
27
Suppose -13*o + 167 = -93. Let j be (-15)/o + 366/8. What is the highest common factor of j and 60?
15
Let t(z) = 250*z - 756*z + 245*z + 22 + 247*z. Let g be t(-1). What is the greatest common factor of g and 54?
18
Suppose -72*k - 472 + 1743 + 1105 = 0. What is the greatest common divisor of k and 4224?
33
Suppose 62*p = j + 64*p - 2500, -5*p = -4*j + 10026. What is the greatest common divisor of j and 8?
8
Let h(g) = -g**3 + 62*g**2 - 46*g - 879. Let l be h(61). Calculate the highest common divisor of 6093 and l.
9
Let u(z) = z**3 + 229*z**2 + 1112*z - 7. Let n be u(-5). What is the highest common divisor of n and 453?
3
Suppose -2*x - 10*c + 11*c = -509, -c = 2*x - 499. What is the greatest common factor of x and 684?
36
Let s = 22099 + -21978. Let y(n) = 2*n**2 - n + 1. Let a be y(-2). Calculate the highest common factor of s and a.
11
Let q = 16763 + -16633. What is the greatest common divisor of q and 74?
2
Suppose 2*n = -10, -4*h - 11*n + 76 = -15*n. Suppose -3*l = -47 - 58. What is the greatest common divisor of l and h?
7
Suppose 66 = 3*z + 4*u, -4*z + 4*u + 13 + 47 = 0. Suppose 11*b - 860 = -134. What is the highest common divisor of b and z?
6
Suppose -136*j + 178*j = 462. What is the greatest common divisor of 715 and j?
11
Let n(c) = -964*c + 8703. Let h be n(9). Let l(s) = -3*s**2 + 6 + 2*s**2 + 2*s**2 - s. Let w be l(-5). Calculate the greatest common divisor of h and w.
9
Suppose -2*c + 168 = 4*q + 58, 0 = 4*q - 3*c - 105. Calculate the highest common divisor of q and 111.
3
Let z be (0 - (-8 - -4))*75/(-4). Let a be 13*z/(-6) - 3/6. What is the highest common divisor of a and 108?
54
Let m = -61 - -63. Suppose m*k = -3*c + 14, 0*c - 9 = -5*k - c. What is the greatest common factor of k and 11?
1
Suppose -244 - 7955 = -19*c + 5785. What is the highest common factor of c and 115?
23
Let q(a) = 18*a - 14. Let r be q(7). Let j = -78 + r. Let z = -26 + j. What is the greatest common factor of z and 136?
8
Let w(v) = 2*v - 1. Let q be w(8). Let n be (588/(-15))/(-14)*q*5. Calculate the greatest common divisor of n and 14.
14
Let x = 37 - -13. Let f(y) = 996*y + 332818. Let r be f(-333). What is the highest common factor of r and x?
50
Let q(o) = 3*o**2 - 62*o + 5. Let m be q(28). Suppose 12*t = 2*t + 690. What is the highest common factor of m and t?
69
Let m be 11/(-22) + (-2)/(4/(-21)). Let a be (13 + -20)*(m/14 + -1). Suppose 0 = s - 4*s, 3*s = v - 18. What is the greatest common divisor of a and v?
2
Suppose -5*q + 1823 = 4*i, 4*q = -351*i + 348*i + 1366. What is the greatest common factor of 429 and i?
33
Let a = -134 - -178. Suppose a + 1 = 15*x. Suppose 0 = 4*g + 2*k - 19 + 5, -3*g + k + 8 = 0. Calculate the highest common divisor of g and x.
3
Let b be 4*((-308)/(-16) - 2). Let f(u) = u**3 - 10*u**2 + 12*u + 13. Let h be f(8). Let a = h - -42. Calculate the highest common factor of a and b.
23
Suppose 8*j + 4*n - 200 = 3*j, -3*j + n = -120. Let z be (j/(-15))/((-4)/54). What is the greatest common divisor of 63 and z?
9
Let x(t) = -5*t**2 - 10*t - 24. Let z be x(-9). Let r = z + 347. Calculate the highest common factor of r and 48.
8
Let c = 280 - -121. Let l = c + -339. What is the greatest common factor of 434 and l?
62
Let o be (5 - -1)/((-2)/(-1)). Let n be (-2665)/(-39) - (-5)/o. What is the greatest common factor of 10 and n?
10
Suppose 7*h = 2*h + 2*d - 444, 2*d + 6 = 0. Let p be h/(4/30*-5). Let j(i) = 15*i**2 - 4*i + 2. Let z be j(2). Calculate the highest common factor of p and z.
27
Let q be 42/9 - (-21)/63. Suppose q*u - 766 = 2*h, -5*u + 772 = -4*h - 0*h. Calculate the greatest common factor of 114 and u.
38
Let d(l) = l**2 - 8*l + 23. Let r be d(12). Let f = r + -48. Calculate the greatest common factor of f and 23.
23
Let m be (-23 + (-340)/(-15))/(5/(-10830)). Suppose -b - 12 = -31. Calculate the highest common factor of b and m.
19
Suppose 3*l = 2989 - 715. Let z = l - 614. What is the greatest common divisor of 56 and z?
8
Let a(j) = 58*j + 295. Let w be a(-5). Suppo